e 2*r + 2*z = 1004, -s*z = -r - 7*z + 508. List the prime factors of r.
2, 3, 7
Let c(g) be the third derivative of -7*g**5/40 - 5*g**4/12 - 5*g**3/2 + 6*g**2. Let o(l) be the first derivative of c(l). What are the prime factors of o(-10)?
2, 5
Suppose 4*b - 4*l - 5 = -l, 0 = -2*b - 4*l + 30. Suppose -3*s + 10 = -b. Suppose 3*y - s*d = 101, -y = -0*d - 2*d - 34. What are the prime factors of y?
2
Suppose 31*r + 108 = 37*r. Suppose -3*j + r = -j - 4*i, 2*i = 3*j - 15. Suppose -j*d - 245 = -4*d. List the prime factors of d.
5, 7
Let s(y) = -y**3 + 3*y**2 + 3*y + 2. Let j be s(-1). Let b be -5*((-2)/6 - 221/j). Let o = b - 211. List the prime factors of o.
3, 53
List the prime factors of (-42)/(-39) + -1 + 12016488/1144 + -4.
2, 3, 5, 7
Let y(w) = w**3 - 6*w**2 + 39*w - 211. Let d be y(6). Let s = -22 - -43. Let i = s + d. List the prime factors of i.
2, 11
Suppose 0 = 7*q - 85 + 22. Suppose -944 = -s - q*c + 13*c, -948 = -s + 3*c. List the prime factors of s.
2, 3, 5
Suppose -4*v + 69670 = -5*w, -2*v + 2*w + 4004 + 30828 = 0. What are the prime factors of v?
2, 5, 1741
Let v(m) = -m**3 - 35*m**2 + 2512. What are the prime factors of v(0)?
2, 157
Let d(t) = -89*t**3 + 3*t**2 - 7*t - 9. Let l = -129 - -127. List the prime factors of d(l).
3
Suppose 176*j - 3127024 = -962400. List the prime factors of j.
7, 251
Suppose -20 = 26*m - 21*m. What are the prime factors of 20/5 + (-332)/m?
3, 29
Suppose 13*b - 34799 = 34088. What are the prime factors of b?
7, 757
Suppose -11214 = -2*g + 1024. What are the prime factors of g?
29, 211
What are the prime factors of 12/(-22) + 600/616 - 102799/(-7)?
2, 7, 1049
Suppose 3*h + 0 + 129 = 0. Let n = 67 + h. Suppose -56 = -2*q + n. What are the prime factors of q?
2, 5
Suppose 13*n + 2*w - 52 = 15*n, n + 4*w + 26 = 0. Let j = n + 1000. What are the prime factors of j?
2, 487
Suppose 0 = -4*t - 6*c + 19258, c = 27 - 22. List the prime factors of t.
11, 19, 23
Suppose -4*z + 101*h = 98*h - 12809, 2*z = -3*h + 6409. What are the prime factors of z?
3203
Suppose -2*j - 2*j = 2*z - 376, 953 = 5*z - 3*j. List the prime factors of (36/(-90))/((-1)/z).
2, 19
Suppose -h + 1 = -d, 2*d + 3 = d + 3*h. Suppose -4*x = -2*a - 8*x - 14, d = -4*a - 3*x - 18. What are the prime factors of (1/a + -1)*-10*6?
2, 5
Let n = 81 + -625. List the prime factors of ((-14)/8)/(8/n).
7, 17
Let j(n) = 2149*n - 7019. List the prime factors of j(32).
3, 2287
Suppose -37*f + 97353 = 54*f - 277476. List the prime factors of f.
3, 1373
What are the prime factors of ((-3)/(6/58))/((-14)/3724)?
2, 7, 19, 29
Suppose 1086 = -2*p + 4*m, 4*m = -2 + 18. Let j = -192 - p. Let f = -154 + j. List the prime factors of f.
3, 7
List the prime factors of (-36384)/192*2*(-232 - 4).
2, 59, 379
Let t = 33 - 77. Let o(h) = 6*h + 23. Let x be o(6). List the prime factors of x/5 - t/(-55).
11
Let j(d) = -3*d**3 - 5*d**2 + 4*d + 2. Let o be (-14)/4 + 3/(-6). Let w be j(o). Let n = -48 + w. What are the prime factors of n?
2, 5
Let y = 59284 - 30542. What are the prime factors of y?
2, 7, 2053
Let p be 28/13 - (-6)/(-39). What are the prime factors of (12/(-48))/(p/(-3064))?
383
Suppose 0 = -4*n - w + 3401, -6*w = -3*w + 9. Suppose 2*q - n - 69 = 0. Suppose q = -0*i + 4*i. What are the prime factors of i?
5, 23
What are the prime factors of 6/16 + (-14014875)/(-760)?
3, 683
Let c(d) = -447*d + 1110. What are the prime factors of c(-120)?
2, 3, 5, 73
Let k(z) = 612*z - 542. What are the prime factors of k(14)?
2, 4013
List the prime factors of (-14 - (-26 - -13)) + 7933.
2, 3, 661
What are the prime factors of ((-1194)/(-4))/((-66)/(-176))?
2, 199
Let d be 42/70*(-10)/(-2). Let j(a) = 29*a**2 + 12*a - 7. List the prime factors of j(d).
2, 5, 29
Let h = -13224 + 19200. List the prime factors of h.
2, 3, 83
Let x = 145 + -91. Suppose -5*r + 45 + 3 = -m, -2*m + x = 5*r. Suppose -r*c = -421 - 439. List the prime factors of c.
2, 43
Let j(t) = -t**3 + 8*t**2 + 7*t - 7. Let y = -13 + 28. Let g(v) = -v**2 + 13*v + 36. Let z be g(y). What are the prime factors of j(z)?
107
Suppose 21*v - 17*v = -5*j + 9, -3*j - 1 = -4*v. What are the prime factors of v*(262/(-4))/((-2)/8)?
2, 131
Let c be 0*((-6)/(-12))/(1 - 2). Suppose -5*p - p + 2214 = c. List the prime factors of p.
3, 41
Suppose -4*a = -2*j - 2238, 4*a = 9*a. List the prime factors of 8 + 155/(-20) - j/4.
2, 5, 7
Let v(a) = -5*a**3 + 2*a + 2. Let d be v(-1). Suppose -c - 3 = -d. List the prime factors of ((-2)/(-2) - c)/(1/(-170)).
2, 5, 17
Let d(f) = 68*f**2 + 6*f + 28. What are the prime factors of d(10)?
2, 3, 7, 41
Suppose -41*m + 45*m = 59608. List the prime factors of m.
2, 7451
Let v be (4/(3 + -15))/((-2)/(-12)). Let w be v/(-4) + 1/(-2). Suppose n = -w*n + 167. List the prime factors of n.
167
Let r(a) = 281*a**2 + 43*a + 193. What are the prime factors of r(-5)?
47, 149
Let a = -13 + 33. Suppose 47*n - 45*n = a. Let d = 21 + n. List the prime factors of d.
31
Let w be (-22 + 22)/(0 + 2) - -1061. Suppose 10*p - w - 1139 = 0. List the prime factors of p.
2, 5, 11
Let v = -37793 + 40316. List the prime factors of v.
3, 29
Let c be (-10154)/(-10) + 1 + 62/(-155). Suppose c = 2*q + 2*t, 2*q - 4*t - 999 = 35. What are the prime factors of q?
7, 73
Let w(u) = -u**3 - 8*u**2 - 7*u - 2. Let r be w(-7). Let m be (-3 - r)/(2/76). Let n = 137 + m. List the prime factors of n.
3, 11
Let f = 1249 + -1397. Let o = -96 - -345. Let l = o + f. What are the prime factors of l?
101
Let h = 37711 + 13008. List the prime factors of h.
67, 757
Let v(s) = s**3 - 19*s**2 - 3*s + 14. Suppose 2*c + 2*k - 11 = 25, -2*c + 30 = 5*k. What are the prime factors of v(c)?
2, 3, 59
Let n be (-5)/(15/(-42))*3/2. Suppose 4*v - n - 7 = 0. Suppose 3*u + 532 = v*u. List the prime factors of u.
7, 19
Suppose -186*x = 48*x - 6677658. What are the prime factors of x?
28537
Let v be (3 + (-27)/6)/(4/(-8)). List the prime factors of (2124/v - -4) + 3*2.
2, 359
Let y(j) = 16*j**2 - 38*j - 12. What are the prime factors of y(-9)?
2, 3, 271
Suppose 4*r + 10426 = 4*t - 26182, 2*t + 5*r = 18346. List the prime factors of t.
2, 19, 241
List the prime factors of 269820/27 + 21/(-63).
3, 3331
Let d = -8233 - -28104. List the prime factors of d.
31, 641
Let d = 10214 + -3143. What are the prime factors of d?
3, 2357
What are the prime factors of ((-18)/(-63))/(20/3962630)?
7, 8087
Suppose o + 3*s = -3, 0 = -3*o - 0*o - 3*s - 3. Suppose -2*p - 42 - 48 = o. What are the prime factors of (-3414)/p - (-2)/15?
2, 19
Let w(f) = -79*f + 4. Let m be w(-1). Let r be 0 - -2 - (1 + m). Let n = 184 + r. What are the prime factors of n?
2, 3, 17
Let o(i) = i**2 + 35*i + 97. Let x be o(-26). Let k = 632 - x. What are the prime factors of k?
769
Let b(c) = -2033*c + 2289. List the prime factors of b(-19).
2, 53, 193
List the prime factors of ((-1400)/(-210) - 1/(-3)) + 23509 + -1.
5, 4703
Suppose -4*w - 3*u + 1038 = -5*u, -5*u = -4*w + 1053. Suppose -12*t + 139 = -w. List the prime factors of t.
3, 11
Suppose 3*p - 2 = 19. Suppose -2*n = -i + 433, i - 437 = 11*n - p*n. List the prime factors of i.
3, 11, 13
Let f(z) = -z**3 + 46*z**2 - 93*z - 99. What are the prime factors of f(34)?
3, 131
Suppose 3*d - 55008 = 48198. What are the prime factors of d?
2, 103, 167
Suppose 2*x = -4*n + 3700 + 6294, 15023 = 3*x + 2*n. What are the prime factors of x?
3, 557
Let f(c) = -3*c + 2 + c**2 + 56*c**3 + 245*c**3 + 26*c**3. List the prime factors of f(1).
3, 109
Let r = -512 + 638. What are the prime factors of ((-21)/r)/((-1)/4)*1281?
2, 7, 61
Suppose 8679 - 403619 = -65*m. What are the prime factors of m?
2, 7, 31
Let v be ((-3 - 2)/(-15))/1*-18. Let b(i) be the second derivative of 5*i**4/12 - 17*i**2/2 - i. List the prime factors of b(v).
163
Let i(j) = j**2 + 7*j - 12. Let m be i(-7). Let d be 20/(-3)*m/(-8). Let v(k) = k**3 + 10*k**2 + 7. What are the prime factors of v(d)?
7
Let q(n) = -7*n**2 + 1. Let a(m) = m**2. Let y(s) = 3*a(s) - q(s). Let i = -234 - -236. What are the prime factors of y(i)?
3, 13
Suppose 83*l = 149*l - 100*l + 177820. List the prime factors of l.
2, 5, 523
Suppose 3*b - b + 128 = -2*s, -3*b = s + 70. Let r = -35 - s. Suppose 7*w - r = 6*w. What are the prime factors of w?
2, 13
Let j(y) = 2*y**2 + 17*y + 21. Let p be j(-7). Let v(r) = -8*r + 265. What are the p